.
14
Let g(s) = -5*s**2 - 20*s - 67. Determine g(-4).
-67
Let r(j) = -j**3 + 11*j**2 - 16*j - 26. Determine r(8).
38
Let y(o) = -26*o + 49. What is y(3)?
-29
Let o(y) = -9012*y - 1. Calculate o(0).
-1
Let i(m) = -m**3 - 3*m**2 + 5*m - 27. What is i(0)?
-27
Let u(v) = -10*v**2 - 498*v + 1002. Determine u(2).
-34
Let r(z) = -z**3 - 13*z**2 - 19*z - 21. What is r(-11)?
-54
Let w(o) = o**3 + o**2 + 2*o - 370. What is w(0)?
-370
Let c(q) = -7*q - 970. What is c(28)?
-1166
Let b(g) = g**3 - 79*g**2 + 438*g - 14. Determine b(6).
-14
Let y(a) = -3*a**2 - 4*a + 74. Give y(6).
-58
Let h(w) = -2*w**2 - 39*w - 40. What is h(-18)?
14
Let v(y) = 230*y + 2998. Determine v(-13).
8
Let q(p) = -p**3 + 135*p**2 - 66*p - 9115. Calculate q(134).
-3
Let w(x) = -14*x - 97. Determine w(-11).
57
Let p(z) = 4*z + 42. Calculate p(-11).
-2
Let n(v) = -4*v + 4. Give n(28).
-108
Let a(n) = 212*n + 1063. Give a(-5).
3
Let s(x) = 3*x**2 + 234*x - 2349. Give s(-87).
0
Let m(a) = 13*a**3 + 280*a**2 - 280*a + 1. Give m(1).
14
Let x(a) = -23*a**3 + 2*a**2 + 1. What is x(1)?
-20
Let c(x) = 72*x**2 - 224*x + 17. Give c(3).
-7
Let w(f) = -2*f**3 + 6*f**2 + 12*f - 3. What is w(5)?
-43
Let i(f) = -f**3 - 3*f**2 - 20*f - 96. Calculate i(-6).
132
Let y(u) = 111*u**2 + 3*u - 4. What is y(-2)?
434
Let k(g) = -g**3 - 27*g**2 - 120*g - 3245. Calculate k(-27).
-5
Let q(g) = 9*g**2 + 521*g - 617. Calculate q(-59).
-27
Let j(f) = f**3 + 23*f**2 - 114*f - 3. Determine j(5).
127
Let s(x) = 2*x**3 - 6*x**2 + 90*x - 365. Calculate s(4).
27
Let o(j) = j**3 + 4*j**2 - 26*j - 45. What is o(-7)?
-10
Let m(s) = -2*s**2 - 272*s + 839. Give m(3).
5
Let i(s) = -130*s - 1263. Determine i(-10).
37
Let z(i) = i**3 - 63*i**2 - 70*i + 89. Give z(64).
-295
Let k(d) = 2*d + 78. Calculate k(-6).
66
Let u(q) = 31*q**2 + 213*q - 17. Give u(-7).
11
Let w(b) = 9*b**2 + 21*b - 2. Calculate w(-3).
16
Let w(l) = -l**3 + 5*l**2 + 7*l + 25. What is w(6)?
31
Let f(t) = -2*t**3 - 3*t**2 + 131*t + 265. What is f(-2)?
7
Let b(v) = 450*v - 11718. What is b(26)?
-18
Let u(p) = p**2 + 784*p + 9. Determine u(0).
9
Let i(y) = -y**2 + 1502*y + 9027. Determine i(-6).
-21
Let h(l) = l**3 + l**2 - 81*l + 65. What is h(8)?
-7
Let p(m) = -93*m - 195. What is p(-2)?
-9
Let n(l) = l**3 - 33*l**2 - 15*l + 465. What is n(33)?
-30
Let v(l) = -67*l + 736. What is v(11)?
-1
Let j(r) = r**2 + 31*r + 100. What is j(-4)?
-8
Let x(a) = 624*a - 11816. Determine x(19).
40
Let b(v) = 269*v + 1643. Give b(-6).
29
Let d(u) = -58*u - 946. What is d(-16)?
-18
Let c(a) = a**3 + 15*a**2 - 49*a + 26. Calculate c(-18).
-64
Let t(x) = -14*x**2 + 2*x - 17. Determine t(3).
-137
Let w(c) = -4610*c - 4591. Give w(-1).
19
Let q(m) = 17*m**2 + 176*m + 6. Determine q(-11).
127
Let b(i) = -i**3 - 7*i**2 + 176*i + 10. Calculate b(-18).
406
Let p(z) = z**3 + 4*z**2 - 16*z - 36. Determine p(-6).
-12
Let z(f) = 180*f - 34189. Give z(190).
11
Let b(x) = -109*x**3 - 21*x**2 - 21*x - 1. Calculate b(-1).
108
Let j(g) = -2*g**2 - 26*g + 152. Calculate j(5).
-28
Let f(c) = c**2 + 7*c - 17. What is f(5)?
43
Let v(g) = -14*g + 3. Calculate v(10).
-137
Let y(c) = c**3 - 62*c**2 + 386*c - 36. Calculate y(55).
19
Let c(p) = -4*p**2 - 83*p - 62. Determine c(-20).
-2
Let p(f) = 2*f - 97. Calculate p(53).
9
Let x(s) = s**2 - 16*s - 67. Give x(21).
38
Let j(m) = 11*m + 255. Calculate j(-22).
13
Let d(b) = b**2 + 40*b - 426. Calculate d(-52).
198
Let w(n) = 2*n**3 - 118*n**2 + 1130*n + 3. Give w(12).
27
Let w(r) = -r**3 - 68*r**2 + 84*r + 1030. Give w(-69).
-5
Let f(b) = -7*b**2 + 59*b + 13. Calculate f(11).
-185
Let l(a) = -a**3 + 181*a**2 - 712*a. Determine l(4).
-16
Let d(s) = -515*s - 46853. Determine d(-91).
12
Let i(b) = 171*b + 680. Determine i(-4).
-4
Let r(y) = -46*y + 130. Give r(6).
-146
Let r(f) = -40*f + 105. Calculate r(3).
-15
Let a(g) = -135*g - 408. Calculate a(-3).
-3
Let j(m) = -61*m + 52. Give j(-5).
357
Let g(o) = -52*o + 192. Calculate g(-8).
608
Let q(v) = 136*v + 101. Calculate q(-3).
-307
Let a(d) = d**3 + 109*d**2 + 110*d + 158. What is a(-108)?
-58
Let x(y) = -96*y - 13219. What is x(-137)?
-67
Let a(l) = -2*l**2 + 405*l - 49. What is a(0)?
-49
Let l(t) = t**3 + 50*t**2 - 48*t + 146. Determine l(-51).
-7
Let i(q) = q**2 - 171*q + 2191. What is i(14)?
-7
Let l(o) = 198*o + 192. Give l(-1).
-6
Let m(h) = h**2 + 186*h - 2593. Determine m(-199).
-6
Let k(u) = 2*u**2 + 21*u - 219. Calculate k(-11).
-208
Let c(x) = 2*x**3 - 61*x**2 + 390*x + 127. Determine c(21).
-62
Let z(t) = t**2 + 63*t + 391. Calculate z(-7).
-1
Let p(c) = -3*c**3 - 440*c**2 - 2800*c - 7. Give p(-140).
-7
Let g(u) = u**2 - 26*u - 1045. Give g(43).
-314
Let s(i) = i**3 - 45*i**2 + 211*i - 478. Determine s(40).
-38
Let m(o) = -2*o**3 + 58*o**2 + 50*o + 56. Calculate m(30).
-244
Let z(b) = -6114*b + 6125. What is z(1)?
11
Let g(h) = -41*h**2 + 14*h - 2. Give g(-2).
-194
Let s(d) = -d**3 - 79*d**2 - 957*d + 193. Calculate s(-64).
1
Let l(v) = -v**3 - 136*v**2 - 131*v + 537. Calculate l(-135).
-3
Let c(x) = 7*x**2 - 241*x - 66. Calculate c(34).
-168
Let c(u) = -3*u**3 + 11*u**2 + 32*u - 34. Determine c(7).
-300
Let d(y) = y**3 + 16*y**2 + 16*y - 35. What is d(-15)?
-50
Let m(z) = 25*z**2 + 279*z + 766. Calculate m(-5).
-4
Let o(v) = v**3 + 18*v**2 - 17*v - 37. Determine o(-19).
-75
Let n(a) = 33*a**2 + 367*a + 16. Determine n(-11).
-28
Let n(u) = u**3 - u**2 + 33*u - 12. Determine n(6).
366
Let m(z) = -z**2 - 16*z + 251. Give m(12).
-85
Let k(y) = -4*y**2 - 52*y + 165. Give k(-15).
45
Let q(b) = -11*b**2 + 253*b - 213. Give q(22).
29
Let f(l) = -14*l**2 + 645*l - 39. Determine f(46).
7
Let g(u) = 7*u**2 + 258*u - 581. Determine g(-39).
4
Let q(w) = 57*w - 1133. What is q(24)?
235
Let n(z) = -750*z + 1499. Calculate n(2).
-1
Let x(r) = r**3 + 24*r**2 - 14*r + 75. Give x(-24).
411
Let d(p) = -p**3 + 54*p**2 + 435*p + 56. Determine d(-7).
0
Let b(o) = 2*o**2 + 25*o + 69. Calculate b(-6).
-9
Let x(k) = 6*k**2 + 233*k + 736. What is x(-3)?
91
Let g(o) = 403*o + 13290. Determine g(-33).
-9
Let j(h) = h**3 - 3*h**2 - 19*h - 20. Give j(-3).
-17
Let v(x) = -49*x + 91. Give v(2).
-7
Let x(a) = -14*a + 23. Determine x(5).
-47
Let k(i) = -115*i - 377. Determine k(-3).
-32
Let k(w) = -w**3 - 12*w**2 + 26*w + 5. Determine k(2).
1
Let n(a) = -8*a**2 - 328*a - 11. Determine n(-41).
-11
Let j(o) = 135*o - 2554. What is j(19)?
11
Let o(l) = -129*l + 504. Give o(4).
-12
Let b(p) = 10*p - 275. Determine b(28).
5
Let c(d) = d**2 + 767*d - 23075. Give c(29).
9
Let l(z) = -11*z + 39. Calculate l(15).
-126
Let j(x) = x + 85. Determine j(-29).
56
Let k(s) = -65*s**2 + 844*s + 2. Give k(13).
-11
Let g(t) = -t**2 + 40*t + 350. Determine g(45).
125
Let j(g) = -g**3 - 12*g**2 + 39*g + 49. What is j(-15)?
139
Let t(p) = p**2 - 156*p - 6907. Give t(-36).
5
Let l(r) = 3*r**2 - 27*r + 66. Determine l(4).
6
Let i(c) = 8*c - 80. Calculate i(13).
24
Let g(i) = -9*i - 194. Determine g(30).
-464
Let u(i) = -i**2 + 137*i - 3212. What is u(30)?
-2
Let g(q) = -8*q - 1660. Give g(-208).
4
Let j(h) = 2*h + 53. Give j(-15).
23
Let f(p) = -34*p + 978. Give f(32).
-110
Let m(j) = -62*j**2 - 752*j - 90. Determine m(-12).
6
Let o(u) = -5*u**3 - 4*u**2 + 3*u + 6. Give o(-1).
4
Let u(o) = -o**3 - 5*o**2 + 9*o - 411. Determine u(-10).
-1
Let y(k) = k**3 - 21*k - 8. Give y(-5).
-28
Let n(y) = 243*y - 2606. What is n(11)?
67
Let h(j) = 345*j - 7684. What is h(22)?
-94
Let l(p) = p**3 + p**2 - 377*p - 94. What is l(0)?
-94
Let s(t) = 3*t**3 + 25*t**2 + 17*t - 26. What is s(-8)?
-98
Let l(v) = 59*v - 36. Determine l(3).
141
Let o(p) = -p**3 + 45*p**2 - 87*p - 42. What is o(43)?
-85
Let a(m) = -4*m**3 - 2*m**2 - 4*m - 1. Determine a(3).
-139
Let v(w) = -w**3 + 45*w**2 + 55*w - 488. What is v(46)?
-74
Let c(i) = 323*i + 1032. Give c(-3).
63
Let r(o) = -2*o**3 + 10*o**2 + 9*o - 109. Determine r(6).
-127
Let f(g) = 7*g**2 - 419*g + 354. Determine f(59).
0
Let z(h) = -705*h + 669. Calculate z(1).
-36
Let i(f) = -2*f**2 + 17*f - 21. Calculate i(9).
-30
Let a(j) = -5*j**2 - 26*j - 29. Give a(-5).
-24
Let a(x) = -19*x + 199. Give a(8).
47
Let f(v) = 4*v**2 + 24*v - 186. Give f(6).
102
Let j(h) = 62*h**2 + 567*h + 3. Calculate j(-9).
-78
Let f(o) = 514*o + 21619. Give f(-42).
31
Let g(u) = 5*u**3 - 6*u**2 - 20*u + 68. Calculate g(4).
212
Let h(z) = -11*z**2